{"id":1922,"date":"2025-09-13T17:23:24","date_gmt":"2025-09-13T15:23:24","guid":{"rendered":"https:\/\/zondyema.com\/?post_type=product&#038;p=1922"},"modified":"2025-10-23T15:28:44","modified_gmt":"2025-10-23T13:28:44","slug":"creme-de-jour-hydratante-a-lhuile-dargan-rose","status":"publish","type":"product","link":"https:\/\/zondyema.com\/index.php\/produit\/creme-de-jour-hydratante-a-lhuile-dargan-rose\/","title":{"rendered":"Cr\u00e8me de Jour Hydratante \u00e0 l\u2019Huile\u00a0d\u2019Argan\u00a0&#038;\u00a0Rose"},"content":{"rendered":"<div class=\"product-description\">\n<h2 class=\"section-title\">Description<\/h2>\n<p class=\"section-text\"><span style=\"font-weight: 400;\">Notre <\/span><b>Cr\u00e8me de Jour \u00e0 l\u2019Huile d\u2019Argan &amp; Rose<\/b><span style=\"font-weight: 400;\"> est le soin quotidien id\u00e9al pour nourrir, raffermir et redonner de l\u2019\u00e9clat \u00e0 votre peau. Gr\u00e2ce \u00e0 sa formule riche en <\/span><b>acides gras, om\u00e9ga 6 et vitamine E<\/b><span style=\"font-weight: 400;\">, elle aide \u00e0 r\u00e9duire l\u2019apparence des rides tout en pr\u00e9servant la souplesse et la douceur de la peau.<\/span><span style=\"font-weight: 400;\">Sa texture onctueuse et son parfum d\u00e9licatement fleuri offrent une exp\u00e9rience sensorielle unique, transformant chaque application en un moment de bien-\u00eatre. R\u00e9sultat : une peau hydrat\u00e9e, liss\u00e9e et rayonnante jour apr\u00e8s jour.<\/span><\/p>\n<\/div>\n<div class=\"benefits\">\n<h2 class=\"section-title\">Ingr\u00e9dients principaux :<\/h2>\n<ul class=\"ingredients-list section-text\">\n<li><b>Huile d\u2019argan<\/b><span style=\"font-weight: 400;\"> : Nourrit, prot\u00e8ge et raffermit la peau.<\/span><\/li>\n<li><b>Om\u00e9ga 6<\/b><span style=\"font-weight: 400;\"> : Aide \u00e0 maintenir l\u2019\u00e9lasticit\u00e9 et la souplesse cutan\u00e9e.<\/span><\/li>\n<li><b>Vitamine E<\/b><span style=\"font-weight: 400;\"> : Antioxydante, lutte contre le vieillissement pr\u00e9matur\u00e9.<\/span><\/li>\n<li><b>Beurre de karit\u00e9<\/b><span style=\"font-weight: 400;\"> : Hydrate et r\u00e9pare en profondeur.<\/span><\/li>\n<\/ul>\n<\/div>\n<div class=\"utilisation\">\n<h2 class=\"section-title\">Utilisation<\/h2>\n<p class=\"section-text\"><span style=\"font-weight: 400;\">Appliquez matin et soir sur le visage et le cou pr\u00e9alablement nettoy\u00e9s. Faites p\u00e9n\u00e9trer la cr\u00e8me par de l\u00e9gers massages ascendants, du centre vers l\u2019ext\u00e9rieur du visage, pour stimuler la circulation et favoriser l\u2019absorption des actifs.<\/span><\/p>\n<\/div>\n<div class=\"ingredients\">\n<h2 class=\"section-title\">Liste des ingr\u00e9dients (INCI)<\/h2>\n<p class=\"section-text\"><span style=\"font-weight: 400;\">Aqua qsp, Acide St\u00e9arique, Solution de NaOH qsp pH, Glycerin, Vitamine E, Argania Spinosa Kernel Oil, Ethylhexyl Stearate, Dicaprylyl Carbonate, Caprylic\/Capric Triglyceride, Octyl Palmitate, Butyrospermum Parkii Butter, Lanette O, Cetearyl Alcohol, Xanthan Gum, Coviox, Phenoxyethanol, Dimethicone, Myristate d\u2019Isopropyle, Parfum, CI 15850.<\/span><\/p>\n<\/div>\n","protected":false},"excerpt":{"rendered":"<p>Description Notre Cr\u00e8me de Jour \u00e0 l\u2019Huile d\u2019Argan &amp; Rose est le soin quotidien id\u00e9al pour nourrir, raffermir et redonner<\/p>\n","protected":false},"featured_media":2070,"comment_status":"open","ping_status":"closed","template":"","meta":[],"product_brand":[],"product_cat":[21],"product_tag":[],"class_list":{"0":"post-1922","1":"product","2":"type-product","3":"status-publish","4":"has-post-thumbnail","6":"product_cat-visage-soin-visage","8":"first","9":"instock","10":"sale","11":"shipping-taxable","12":"purchasable","13":"product-type-simple"},"yoast_head":"<!-- This site is optimized with the Yoast SEO plugin v27.1.1 - https:\/\/yoast.com\/product\/yoast-seo-wordpress\/ -->\n<title>Cr\u00e8me de Jour Hydratante \u00e0 l\u2019Huile\u00a0d\u2019Argan\u00a0&amp;\u00a0Rose - Zondyema<\/title>\n<meta name=\"description\" content=\"Cr\u00e8me de jour \u00e0 l\u2019argan &amp; rose : nourrit, hydrate et raffermit la peau, r\u00e9duit l\u2019apparence des rides et r\u00e9v\u00e8le un \u00e9clat naturel au quotidien.\" \/>\n<meta name=\"robots\" content=\"index, follow, max-snippet:-1, max-image-preview:large, max-video-preview:-1\" \/>\n<link rel=\"canonical\" href=\"https:\/\/zondyema.com\/index.php\/produit\/creme-de-jour-hydratante-a-lhuile-dargan-rose\/\" \/>\n<meta property=\"og:locale\" content=\"fr_FR\" \/>\n<meta property=\"og:type\" content=\"article\" \/>\n<meta property=\"og:title\" content=\"Cr\u00e8me de Jour Hydratante \u00e0 l\u2019Huile\u00a0d\u2019Argan\u00a0&amp;\u00a0Rose - Zondyema\" \/>\n<meta property=\"og:description\" content=\"Cr\u00e8me de jour \u00e0 l\u2019argan &amp; rose : nourrit, hydrate et raffermit la peau, r\u00e9duit l\u2019apparence des rides et r\u00e9v\u00e8le un \u00e9clat naturel au quotidien.\" \/>\n<meta property=\"og:url\" content=\"https:\/\/zondyema.com\/index.php\/produit\/creme-de-jour-hydratante-a-lhuile-dargan-rose\/\" \/>\n<meta property=\"og:site_name\" content=\"Zondyema\" \/>\n<meta property=\"article:modified_time\" content=\"2025-10-23T13:28:44+00:00\" \/>\n<meta property=\"og:image\" content=\"https:\/\/zondyema.com\/wp-content\/uploads\/2024\/10\/creme-de-nuit1-png.png\" \/>\n\t<meta property=\"og:image:width\" content=\"800\" \/>\n\t<meta property=\"og:image:height\" content=\"800\" \/>\n\t<meta property=\"og:image:type\" content=\"image\/png\" \/>\n<meta name=\"twitter:card\" content=\"summary_large_image\" \/>\n<meta name=\"twitter:label1\" content=\"Dur\u00e9e de lecture estim\u00e9e\" \/>\n\t<meta name=\"twitter:data1\" content=\"2 minutes\" \/>\n<script type=\"application\/ld+json\" class=\"yoast-schema-graph\">{\"@context\":\"https:\/\/schema.org\",\"@graph\":[{\"@type\":\"WebPage\",\"@id\":\"https:\/\/zondyema.com\/index.php\/produit\/creme-de-jour-hydratante-a-lhuile-dargan-rose\/\",\"url\":\"https:\/\/zondyema.com\/index.php\/produit\/creme-de-jour-hydratante-a-lhuile-dargan-rose\/\",\"name\":\"Cr\u00e8me de Jour Hydratante \u00e0 l\u2019Huile\u00a0d\u2019Argan\u00a0&\u00a0Rose - Zondyema\",\"isPartOf\":{\"@id\":\"https:\/\/zondyema.com\/#website\"},\"primaryImageOfPage\":{\"@id\":\"https:\/\/zondyema.com\/index.php\/produit\/creme-de-jour-hydratante-a-lhuile-dargan-rose\/#primaryimage\"},\"image\":{\"@id\":\"https:\/\/zondyema.com\/index.php\/produit\/creme-de-jour-hydratante-a-lhuile-dargan-rose\/#primaryimage\"},\"thumbnailUrl\":\"https:\/\/zondyema.com\/wp-content\/uploads\/2024\/10\/creme-de-nuit1-png.png\",\"datePublished\":\"2025-09-13T15:23:24+00:00\",\"dateModified\":\"2025-10-23T13:28:44+00:00\",\"description\":\"Cr\u00e8me de jour \u00e0 l\u2019argan & rose : nourrit, hydrate et raffermit la peau, r\u00e9duit l\u2019apparence des rides et r\u00e9v\u00e8le un \u00e9clat naturel au quotidien.\",\"breadcrumb\":{\"@id\":\"https:\/\/zondyema.com\/index.php\/produit\/creme-de-jour-hydratante-a-lhuile-dargan-rose\/#breadcrumb\"},\"inLanguage\":\"fr-FR\",\"potentialAction\":[{\"@type\":\"ReadAction\",\"target\":[\"https:\/\/zondyema.com\/index.php\/produit\/creme-de-jour-hydratante-a-lhuile-dargan-rose\/\"]}]},{\"@type\":\"ImageObject\",\"inLanguage\":\"fr-FR\",\"@id\":\"https:\/\/zondyema.com\/index.php\/produit\/creme-de-jour-hydratante-a-lhuile-dargan-rose\/#primaryimage\",\"url\":\"https:\/\/zondyema.com\/wp-content\/uploads\/2024\/10\/creme-de-nuit1-png.png\",\"contentUrl\":\"https:\/\/zondyema.com\/wp-content\/uploads\/2024\/10\/creme-de-nuit1-png.png\",\"width\":800,\"height\":800},{\"@type\":\"BreadcrumbList\",\"@id\":\"https:\/\/zondyema.com\/index.php\/produit\/creme-de-jour-hydratante-a-lhuile-dargan-rose\/#breadcrumb\",\"itemListElement\":[{\"@type\":\"ListItem\",\"position\":1,\"name\":\"Accueil\",\"item\":\"https:\/\/zondyema.com\/\"},{\"@type\":\"ListItem\",\"position\":2,\"name\":\"Boutique\",\"item\":\"https:\/\/zondyema.com\/index.php\/boutique\/\"},{\"@type\":\"ListItem\",\"position\":3,\"name\":\"Cr\u00e8me de Jour Hydratante \u00e0 l\u2019Huile\u00a0d\u2019Argan\u00a0&#038;\u00a0Rose\"}]},{\"@type\":\"WebSite\",\"@id\":\"https:\/\/zondyema.com\/#website\",\"url\":\"https:\/\/zondyema.com\/\",\"name\":\"Zondyema\",\"description\":\"\",\"potentialAction\":[{\"@type\":\"SearchAction\",\"target\":{\"@type\":\"EntryPoint\",\"urlTemplate\":\"https:\/\/zondyema.com\/?s={search_term_string}\"},\"query-input\":{\"@type\":\"PropertyValueSpecification\",\"valueRequired\":true,\"valueName\":\"search_term_string\"}}],\"inLanguage\":\"fr-FR\"}]}<\/script>\n<!-- \/ Yoast SEO plugin. -->","yoast_head_json":{"title":"Cr\u00e8me de Jour Hydratante \u00e0 l\u2019Huile\u00a0d\u2019Argan\u00a0&\u00a0Rose - Zondyema","description":"Cr\u00e8me de jour \u00e0 l\u2019argan & rose : nourrit, hydrate et raffermit la peau, r\u00e9duit l\u2019apparence des rides et r\u00e9v\u00e8le un \u00e9clat naturel au quotidien.","robots":{"index":"index","follow":"follow","max-snippet":"max-snippet:-1","max-image-preview":"max-image-preview:large","max-video-preview":"max-video-preview:-1"},"canonical":"https:\/\/zondyema.com\/index.php\/produit\/creme-de-jour-hydratante-a-lhuile-dargan-rose\/","og_locale":"fr_FR","og_type":"article","og_title":"Cr\u00e8me de Jour Hydratante \u00e0 l\u2019Huile\u00a0d\u2019Argan\u00a0&\u00a0Rose - Zondyema","og_description":"Cr\u00e8me de jour \u00e0 l\u2019argan & rose : nourrit, hydrate et raffermit la peau, r\u00e9duit l\u2019apparence des rides et r\u00e9v\u00e8le un \u00e9clat naturel au quotidien.","og_url":"https:\/\/zondyema.com\/index.php\/produit\/creme-de-jour-hydratante-a-lhuile-dargan-rose\/","og_site_name":"Zondyema","article_modified_time":"2025-10-23T13:28:44+00:00","og_image":[{"width":800,"height":800,"url":"https:\/\/zondyema.com\/wp-content\/uploads\/2024\/10\/creme-de-nuit1-png.png","type":"image\/png"}],"twitter_card":"summary_large_image","twitter_misc":{"Dur\u00e9e de lecture estim\u00e9e":"2 minutes"},"schema":{"@context":"https:\/\/schema.org","@graph":[{"@type":"WebPage","@id":"https:\/\/zondyema.com\/index.php\/produit\/creme-de-jour-hydratante-a-lhuile-dargan-rose\/","url":"https:\/\/zondyema.com\/index.php\/produit\/creme-de-jour-hydratante-a-lhuile-dargan-rose\/","name":"Cr\u00e8me de Jour Hydratante \u00e0 l\u2019Huile\u00a0d\u2019Argan\u00a0&\u00a0Rose - Zondyema","isPartOf":{"@id":"https:\/\/zondyema.com\/#website"},"primaryImageOfPage":{"@id":"https:\/\/zondyema.com\/index.php\/produit\/creme-de-jour-hydratante-a-lhuile-dargan-rose\/#primaryimage"},"image":{"@id":"https:\/\/zondyema.com\/index.php\/produit\/creme-de-jour-hydratante-a-lhuile-dargan-rose\/#primaryimage"},"thumbnailUrl":"https:\/\/zondyema.com\/wp-content\/uploads\/2024\/10\/creme-de-nuit1-png.png","datePublished":"2025-09-13T15:23:24+00:00","dateModified":"2025-10-23T13:28:44+00:00","description":"Cr\u00e8me de jour \u00e0 l\u2019argan & rose : nourrit, hydrate et raffermit la peau, r\u00e9duit l\u2019apparence des rides et r\u00e9v\u00e8le un \u00e9clat naturel au quotidien.","breadcrumb":{"@id":"https:\/\/zondyema.com\/index.php\/produit\/creme-de-jour-hydratante-a-lhuile-dargan-rose\/#breadcrumb"},"inLanguage":"fr-FR","potentialAction":[{"@type":"ReadAction","target":["https:\/\/zondyema.com\/index.php\/produit\/creme-de-jour-hydratante-a-lhuile-dargan-rose\/"]}]},{"@type":"ImageObject","inLanguage":"fr-FR","@id":"https:\/\/zondyema.com\/index.php\/produit\/creme-de-jour-hydratante-a-lhuile-dargan-rose\/#primaryimage","url":"https:\/\/zondyema.com\/wp-content\/uploads\/2024\/10\/creme-de-nuit1-png.png","contentUrl":"https:\/\/zondyema.com\/wp-content\/uploads\/2024\/10\/creme-de-nuit1-png.png","width":800,"height":800},{"@type":"BreadcrumbList","@id":"https:\/\/zondyema.com\/index.php\/produit\/creme-de-jour-hydratante-a-lhuile-dargan-rose\/#breadcrumb","itemListElement":[{"@type":"ListItem","position":1,"name":"Accueil","item":"https:\/\/zondyema.com\/"},{"@type":"ListItem","position":2,"name":"Boutique","item":"https:\/\/zondyema.com\/index.php\/boutique\/"},{"@type":"ListItem","position":3,"name":"Cr\u00e8me de Jour Hydratante \u00e0 l\u2019Huile\u00a0d\u2019Argan\u00a0&#038;\u00a0Rose"}]},{"@type":"WebSite","@id":"https:\/\/zondyema.com\/#website","url":"https:\/\/zondyema.com\/","name":"Zondyema","description":"","potentialAction":[{"@type":"SearchAction","target":{"@type":"EntryPoint","urlTemplate":"https:\/\/zondyema.com\/?s={search_term_string}"},"query-input":{"@type":"PropertyValueSpecification","valueRequired":true,"valueName":"search_term_string"}}],"inLanguage":"fr-FR"}]}},"_links":{"self":[{"href":"https:\/\/zondyema.com\/index.php\/wp-json\/wp\/v2\/product\/1922","targetHints":{"allow":["GET"]}}],"collection":[{"href":"https:\/\/zondyema.com\/index.php\/wp-json\/wp\/v2\/product"}],"about":[{"href":"https:\/\/zondyema.com\/index.php\/wp-json\/wp\/v2\/types\/product"}],"replies":[{"embeddable":true,"href":"https:\/\/zondyema.com\/index.php\/wp-json\/wp\/v2\/comments?post=1922"}],"version-history":[{"count":2,"href":"https:\/\/zondyema.com\/index.php\/wp-json\/wp\/v2\/product\/1922\/revisions"}],"predecessor-version":[{"id":2135,"href":"https:\/\/zondyema.com\/index.php\/wp-json\/wp\/v2\/product\/1922\/revisions\/2135"}],"wp:featuredmedia":[{"embeddable":true,"href":"https:\/\/zondyema.com\/index.php\/wp-json\/wp\/v2\/media\/2070"}],"wp:attachment":[{"href":"https:\/\/zondyema.com\/index.php\/wp-json\/wp\/v2\/media?parent=1922"}],"wp:term":[{"taxonomy":"product_brand","embeddable":true,"href":"https:\/\/zondyema.com\/index.php\/wp-json\/wp\/v2\/product_brand?post=1922"},{"taxonomy":"product_cat","embeddable":true,"href":"https:\/\/zondyema.com\/index.php\/wp-json\/wp\/v2\/product_cat?post=1922"},{"taxonomy":"product_tag","embeddable":true,"href":"https:\/\/zondyema.com\/index.php\/wp-json\/wp\/v2\/product_tag?post=1922"}],"curies":[{"name":"wp","href":"https:\/\/api.w.org\/{rel}","templated":true}]}}