{"id":173,"date":"2024-10-25T11:15:08","date_gmt":"2024-10-25T11:15:08","guid":{"rendered":"https:\/\/dummy.xtemos.com\/woodmart2\/makeup-elementor\/?page_id=173"},"modified":"2025-10-05T13:03:43","modified_gmt":"2025-10-05T11:03:43","slug":"contact","status":"publish","type":"page","link":"https:\/\/zondyema.com\/index.php\/contact\/","title":{"rendered":"Contact"},"content":{"rendered":"\t\t<div data-elementor-type=\"wp-page\" data-elementor-id=\"173\" class=\"elementor elementor-173\" data-elementor-post-type=\"page\">\n\t\t\t\t<div class=\"elementor-element elementor-element-dc7b777 e-flex e-con-boxed e-con e-parent\" data-id=\"dc7b777\" data-element_type=\"container\">\n\t\t\t\t\t<div class=\"e-con-inner\">\n\t\t\t\t<div class=\"elementor-element elementor-element-6eac8d2 elementor-widget elementor-widget-heading\" data-id=\"6eac8d2\" data-element_type=\"widget\" data-widget_type=\"heading.default\">\n\t\t\t\t<div class=\"elementor-widget-container\">\n\t\t\t\t\t<h1 class=\"elementor-heading-title elementor-size-default\"><span class=\"argan-circle\">Restons <\/span> enTouch<\/h1>\t\t\t\t<\/div>\n\t\t\t\t<\/div>\n\t\t\t\t<div class=\"elementor-element elementor-element-260c03e elementor-widget__width-initial color-scheme-inherit text-left elementor-widget elementor-widget-text-editor\" data-id=\"260c03e\" data-element_type=\"widget\" data-widget_type=\"text-editor.default\">\n\t\t\t\t<div class=\"elementor-widget-container\">\n\t\t\t\t\t\t\t\t\t<p><span style=\"font-weight: 400;\">Notre \u00e9quipe est \u00e0 votre \u00e9coute.<\/span><\/p><p><span style=\"font-weight: 400;\">Que ce soit pour un conseil beaut\u00e9, une question sur votre commande ou autre, nous sommes l\u00e0 pour vous r\u00e9pondre.<\/span><\/p>\t\t\t\t\t\t\t\t<\/div>\n\t\t\t\t<\/div>\n\t\t\t\t<div class=\"elementor-element elementor-element-bf55d20 elementor-absolute elementor-hidden-mobile_extra elementor-hidden-mobile elementor-widget elementor-widget-image\" data-id=\"bf55d20\" data-element_type=\"widget\" data-settings=\"{&quot;_position&quot;:&quot;absolute&quot;}\" data-widget_type=\"image.default\">\n\t\t\t\t<div class=\"elementor-widget-container\">\n\t\t\t\t\t\t\t\t\t\t\t\t\t\t\t<img fetchpriority=\"high\" decoding=\"async\" width=\"369\" height=\"536\" src=\"https:\/\/zondyema.com\/wp-content\/uploads\/2025\/09\/before.png\" class=\"attachment-full size-full wp-image-1982\" alt=\"\" srcset=\"https:\/\/zondyema.com\/wp-content\/uploads\/2025\/09\/before.png 369w, https:\/\/zondyema.com\/wp-content\/uploads\/2025\/09\/before-207x300.png 207w, https:\/\/zondyema.com\/wp-content\/uploads\/2025\/09\/before-200x291.png 200w, https:\/\/zondyema.com\/wp-content\/uploads\/2025\/09\/before-150x218.png 150w\" sizes=\"(max-width: 369px) 100vw, 369px\" \/>\t\t\t\t\t\t\t\t\t\t\t\t\t\t\t<\/div>\n\t\t\t\t<\/div>\n\t\t\t\t<div class=\"elementor-element elementor-element-8f7d2a5 elementor-absolute elementor-hidden-mobile_extra elementor-hidden-mobile elementor-widget elementor-widget-image\" data-id=\"8f7d2a5\" data-element_type=\"widget\" data-settings=\"{&quot;_position&quot;:&quot;absolute&quot;}\" data-widget_type=\"image.default\">\n\t\t\t\t<div class=\"elementor-widget-container\">\n\t\t\t\t\t\t\t\t\t\t\t\t\t\t\t<img decoding=\"async\" width=\"255\" height=\"844\" src=\"https:\/\/zondyema.com\/wp-content\/uploads\/2025\/07\/Ellipse-2.png\" class=\"attachment-full size-full wp-image-1209\" alt=\"\" srcset=\"https:\/\/zondyema.com\/wp-content\/uploads\/2025\/07\/Ellipse-2.png 255w, https:\/\/zondyema.com\/wp-content\/uploads\/2025\/07\/Ellipse-2-91x300.png 91w, https:\/\/zondyema.com\/wp-content\/uploads\/2025\/07\/Ellipse-2-200x662.png 200w, https:\/\/zondyema.com\/wp-content\/uploads\/2025\/07\/Ellipse-2-150x496.png 150w\" sizes=\"(max-width: 255px) 100vw, 255px\" \/>\t\t\t\t\t\t\t\t\t\t\t\t\t\t\t<\/div>\n\t\t\t\t<\/div>\n\t\t\t\t<div class=\"elementor-element elementor-element-d4ea0f5 elementor-absolute elementor-hidden-mobile_extra elementor-hidden-mobile elementor-widget elementor-widget-image\" data-id=\"d4ea0f5\" data-element_type=\"widget\" data-settings=\"{&quot;_position&quot;:&quot;absolute&quot;}\" data-widget_type=\"image.default\">\n\t\t\t\t<div class=\"elementor-widget-container\">\n\t\t\t\t\t\t\t\t\t\t\t\t\t\t\t<img decoding=\"async\" width=\"247\" height=\"348\" src=\"https:\/\/zondyema.com\/wp-content\/uploads\/2025\/07\/image-2.png\" class=\"attachment-full size-full wp-image-1205\" alt=\"\" srcset=\"https:\/\/zondyema.com\/wp-content\/uploads\/2025\/07\/image-2.png 247w, https:\/\/zondyema.com\/wp-content\/uploads\/2025\/07\/image-2-213x300.png 213w, https:\/\/zondyema.com\/wp-content\/uploads\/2025\/07\/image-2-200x282.png 200w, https:\/\/zondyema.com\/wp-content\/uploads\/2025\/07\/image-2-150x211.png 150w\" sizes=\"(max-width: 247px) 100vw, 247px\" \/>\t\t\t\t\t\t\t\t\t\t\t\t\t\t\t<\/div>\n\t\t\t\t<\/div>\n\t\t\t\t<div class=\"elementor-element elementor-element-fe22a17 elementor-absolute elementor-hidden-mobile_extra elementor-hidden-mobile elementor-widget elementor-widget-image\" data-id=\"fe22a17\" data-element_type=\"widget\" data-settings=\"{&quot;_position&quot;:&quot;absolute&quot;}\" data-widget_type=\"image.default\">\n\t\t\t\t<div class=\"elementor-widget-container\">\n\t\t\t\t\t\t\t\t\t\t\t\t\t\t\t<img loading=\"lazy\" decoding=\"async\" width=\"369\" height=\"536\" src=\"https:\/\/zondyema.com\/wp-content\/uploads\/2025\/07\/image.png\" class=\"attachment-full size-full wp-image-1155\" alt=\"\" srcset=\"https:\/\/zondyema.com\/wp-content\/uploads\/2025\/07\/image.png 369w, https:\/\/zondyema.com\/wp-content\/uploads\/2025\/07\/image-207x300.png 207w, https:\/\/zondyema.com\/wp-content\/uploads\/2025\/07\/image-200x291.png 200w, https:\/\/zondyema.com\/wp-content\/uploads\/2025\/07\/image-150x218.png 150w\" sizes=\"(max-width: 369px) 100vw, 369px\" \/>\t\t\t\t\t\t\t\t\t\t\t\t\t\t\t<\/div>\n\t\t\t\t<\/div>\n\t\t\t\t\t<\/div>\n\t\t\t\t<\/div>\n\t\t<div class=\"elementor-element elementor-element-a25dedd e-flex e-con-boxed e-con e-parent\" data-id=\"a25dedd\" data-element_type=\"container\">\n\t\t\t\t\t<div class=\"e-con-inner\">\n\t\t<div class=\"elementor-element elementor-element-c8b07ff e-con-full color-scheme-light e-flex e-con e-child\" data-id=\"c8b07ff\" data-element_type=\"container\" data-settings=\"{&quot;background_background&quot;:&quot;classic&quot;}\">\n\t\t\t\t<\/div>\n\t\t<div class=\"elementor-element elementor-element-e19c3f1 e-con-full e-flex e-con e-child\" data-id=\"e19c3f1\" data-element_type=\"container\">\n\t\t\t\t<div class=\"elementor-element elementor-element-b9eef7a wd-cf7 elementor-widget elementor-widget-wd_contact_form_7\" data-id=\"b9eef7a\" data-element_type=\"widget\" data-widget_type=\"wd_contact_form_7.default\">\n\t\t\t\t<div class=\"elementor-widget-container\">\n\t\t\t\t\t\n<div class=\"wpcf7 no-js\" id=\"wpcf7-f16-o1\" lang=\"fr-FR\" dir=\"ltr\" data-wpcf7-id=\"16\">\n<div class=\"screen-reader-response\"><p role=\"status\" aria-live=\"polite\" aria-atomic=\"true\"><\/p> <ul><\/ul><\/div>\n<form action=\"\/index.php\/wp-json\/wp\/v2\/pages\/173#wpcf7-f16-o1\" method=\"post\" class=\"wpcf7-form init\" aria-label=\"Formulaire de contact\" novalidate=\"novalidate\" data-status=\"init\">\n<fieldset class=\"hidden-fields-container\"><input type=\"hidden\" name=\"_wpcf7\" value=\"16\" \/><input type=\"hidden\" name=\"_wpcf7_version\" value=\"6.1.5\" \/><input type=\"hidden\" name=\"_wpcf7_locale\" value=\"fr_FR\" \/><input type=\"hidden\" name=\"_wpcf7_unit_tag\" value=\"wpcf7-f16-o1\" \/><input type=\"hidden\" name=\"_wpcf7_container_post\" value=\"0\" \/><input type=\"hidden\" name=\"_wpcf7_posted_data_hash\" value=\"\" \/>\n<\/fieldset>\n<p><label> Votre nom<br \/>\n<span class=\"wpcf7-form-control-wrap\" data-name=\"your-name\"><input size=\"40\" maxlength=\"400\" class=\"wpcf7-form-control wpcf7-text wpcf7-validates-as-required\" autocomplete=\"name\" aria-required=\"true\" aria-invalid=\"false\" value=\"\" type=\"text\" name=\"your-name\" \/><\/span> <\/label>\n<\/p>\n<p><label> Votre e-mail<br \/>\n<span class=\"wpcf7-form-control-wrap\" data-name=\"your-email\"><input size=\"40\" maxlength=\"400\" class=\"wpcf7-form-control wpcf7-email wpcf7-validates-as-required wpcf7-text wpcf7-validates-as-email\" autocomplete=\"email\" aria-required=\"true\" aria-invalid=\"false\" value=\"\" type=\"email\" name=\"your-email\" \/><\/span> <\/label>\n<\/p>\n<p><label> Objet<br \/>\n<span class=\"wpcf7-form-control-wrap\" data-name=\"your-subject\"><input size=\"40\" maxlength=\"400\" class=\"wpcf7-form-control wpcf7-text wpcf7-validates-as-required\" aria-required=\"true\" aria-invalid=\"false\" value=\"\" type=\"text\" name=\"your-subject\" \/><\/span> <\/label>\n<\/p>\n<p><label> Votre message (facultatif)<br \/>\n<span class=\"wpcf7-form-control-wrap\" data-name=\"your-message\"><textarea cols=\"40\" rows=\"10\" maxlength=\"2000\" class=\"wpcf7-form-control wpcf7-textarea\" aria-invalid=\"false\" name=\"your-message\"><\/textarea><\/span> <\/label>\n<\/p>\n<p><input class=\"wpcf7-form-control wpcf7-submit has-spinner\" type=\"submit\" value=\"Envoyer\" \/>\n<\/p><div class=\"wpcf7-response-output\" aria-hidden=\"true\"><\/div>\n<\/form>\n<\/div>\n\t\t\t\t<\/div>\n\t\t\t\t<\/div>\n\t\t\t\t<\/div>\n\t\t\t\t\t<\/div>\n\t\t\t\t<\/div>\n\t\t\t\t<\/div>\n\t\t","protected":false},"excerpt":{"rendered":"<p>Restons enTouch Notre \u00e9quipe est \u00e0 votre \u00e9coute. Que ce soit pour un conseil beaut\u00e9, une question sur votre commande<\/p>\n","protected":false},"author":1,"featured_media":2097,"parent":0,"menu_order":0,"comment_status":"closed","ping_status":"closed","template":"","meta":{"footnotes":""},"class_list":["post-173","page","type-page","status-publish","has-post-thumbnail","hentry"],"yoast_head":"<!-- This site is optimized with the Yoast SEO plugin v27.1.1 - https:\/\/yoast.com\/product\/yoast-seo-wordpress\/ -->\n<title>Contactez Zondyema | Soins naturels Maroc<\/title>\n<meta name=\"description\" content=\"Une question sur nos produits ou votre commande\u202f? Contactez l\u2019\u00e9quipe Zondyema pour conseils beaut\u00e9, informations produits et suivi de commandes.\" \/>\n<meta name=\"robots\" content=\"index, follow, max-snippet:-1, max-image-preview:large, max-video-preview:-1\" \/>\n<link rel=\"canonical\" href=\"https:\/\/zondyema.com\/index.php\/contact\/\" \/>\n<meta property=\"og:locale\" content=\"fr_FR\" \/>\n<meta property=\"og:type\" content=\"article\" \/>\n<meta property=\"og:title\" content=\"Contactez Zondyema | Soins naturels Maroc\" \/>\n<meta property=\"og:description\" content=\"Une question sur nos produits ou votre commande\u202f? Contactez l\u2019\u00e9quipe Zondyema pour conseils beaut\u00e9, informations produits et suivi de commandes.\" \/>\n<meta property=\"og:url\" content=\"https:\/\/zondyema.com\/index.php\/contact\/\" \/>\n<meta property=\"og:site_name\" content=\"Zondyema\" \/>\n<meta property=\"article:modified_time\" content=\"2025-10-05T11:03:43+00:00\" \/>\n<meta property=\"og:image\" content=\"https:\/\/zondyema.com\/wp-content\/uploads\/2025\/10\/MV-contact.jpg\" \/>\n\t<meta property=\"og:image:width\" content=\"1200\" \/>\n\t<meta property=\"og:image:height\" content=\"801\" \/>\n\t<meta property=\"og:image:type\" content=\"image\/jpeg\" \/>\n<meta name=\"twitter:card\" content=\"summary_large_image\" \/>\n<meta name=\"twitter:label1\" content=\"Dur\u00e9e de lecture estim\u00e9e\" \/>\n\t<meta name=\"twitter:data1\" content=\"2 minutes\" \/>\n<script type=\"application\/ld+json\" class=\"yoast-schema-graph\">{\"@context\":\"https:\/\/schema.org\",\"@graph\":[{\"@type\":\"WebPage\",\"@id\":\"https:\/\/zondyema.com\/index.php\/contact\/\",\"url\":\"https:\/\/zondyema.com\/index.php\/contact\/\",\"name\":\"Contactez Zondyema | Soins naturels Maroc\",\"isPartOf\":{\"@id\":\"https:\/\/zondyema.com\/#website\"},\"primaryImageOfPage\":{\"@id\":\"https:\/\/zondyema.com\/index.php\/contact\/#primaryimage\"},\"image\":{\"@id\":\"https:\/\/zondyema.com\/index.php\/contact\/#primaryimage\"},\"thumbnailUrl\":\"https:\/\/zondyema.com\/wp-content\/uploads\/2025\/10\/MV-contact.jpg\",\"datePublished\":\"2024-10-25T11:15:08+00:00\",\"dateModified\":\"2025-10-05T11:03:43+00:00\",\"description\":\"Une question sur nos produits ou votre commande\u202f? Contactez l\u2019\u00e9quipe Zondyema pour conseils beaut\u00e9, informations produits et suivi de commandes.\",\"breadcrumb\":{\"@id\":\"https:\/\/zondyema.com\/index.php\/contact\/#breadcrumb\"},\"inLanguage\":\"fr-FR\",\"potentialAction\":[{\"@type\":\"ReadAction\",\"target\":[\"https:\/\/zondyema.com\/index.php\/contact\/\"]}]},{\"@type\":\"ImageObject\",\"inLanguage\":\"fr-FR\",\"@id\":\"https:\/\/zondyema.com\/index.php\/contact\/#primaryimage\",\"url\":\"https:\/\/zondyema.com\/wp-content\/uploads\/2025\/10\/MV-contact.jpg\",\"contentUrl\":\"https:\/\/zondyema.com\/wp-content\/uploads\/2025\/10\/MV-contact.jpg\",\"width\":1200,\"height\":801},{\"@type\":\"BreadcrumbList\",\"@id\":\"https:\/\/zondyema.com\/index.php\/contact\/#breadcrumb\",\"itemListElement\":[{\"@type\":\"ListItem\",\"position\":1,\"name\":\"Accueil\",\"item\":\"https:\/\/zondyema.com\/\"},{\"@type\":\"ListItem\",\"position\":2,\"name\":\"Contact\"}]},{\"@type\":\"WebSite\",\"@id\":\"https:\/\/zondyema.com\/#website\",\"url\":\"https:\/\/zondyema.com\/\",\"name\":\"Zondyema\",\"description\":\"\",\"potentialAction\":[{\"@type\":\"SearchAction\",\"target\":{\"@type\":\"EntryPoint\",\"urlTemplate\":\"https:\/\/zondyema.com\/?s={search_term_string}\"},\"query-input\":{\"@type\":\"PropertyValueSpecification\",\"valueRequired\":true,\"valueName\":\"search_term_string\"}}],\"inLanguage\":\"fr-FR\"}]}<\/script>\n<!-- \/ Yoast SEO plugin. -->","yoast_head_json":{"title":"Contactez Zondyema | Soins naturels Maroc","description":"Une question sur nos produits ou votre commande\u202f? Contactez l\u2019\u00e9quipe Zondyema pour conseils beaut\u00e9, informations produits et suivi de commandes.","robots":{"index":"index","follow":"follow","max-snippet":"max-snippet:-1","max-image-preview":"max-image-preview:large","max-video-preview":"max-video-preview:-1"},"canonical":"https:\/\/zondyema.com\/index.php\/contact\/","og_locale":"fr_FR","og_type":"article","og_title":"Contactez Zondyema | Soins naturels Maroc","og_description":"Une question sur nos produits ou votre commande\u202f? Contactez l\u2019\u00e9quipe Zondyema pour conseils beaut\u00e9, informations produits et suivi de commandes.","og_url":"https:\/\/zondyema.com\/index.php\/contact\/","og_site_name":"Zondyema","article_modified_time":"2025-10-05T11:03:43+00:00","og_image":[{"width":1200,"height":801,"url":"https:\/\/zondyema.com\/wp-content\/uploads\/2025\/10\/MV-contact.jpg","type":"image\/jpeg"}],"twitter_card":"summary_large_image","twitter_misc":{"Dur\u00e9e de lecture estim\u00e9e":"2 minutes"},"schema":{"@context":"https:\/\/schema.org","@graph":[{"@type":"WebPage","@id":"https:\/\/zondyema.com\/index.php\/contact\/","url":"https:\/\/zondyema.com\/index.php\/contact\/","name":"Contactez Zondyema | Soins naturels Maroc","isPartOf":{"@id":"https:\/\/zondyema.com\/#website"},"primaryImageOfPage":{"@id":"https:\/\/zondyema.com\/index.php\/contact\/#primaryimage"},"image":{"@id":"https:\/\/zondyema.com\/index.php\/contact\/#primaryimage"},"thumbnailUrl":"https:\/\/zondyema.com\/wp-content\/uploads\/2025\/10\/MV-contact.jpg","datePublished":"2024-10-25T11:15:08+00:00","dateModified":"2025-10-05T11:03:43+00:00","description":"Une question sur nos produits ou votre commande\u202f? Contactez l\u2019\u00e9quipe Zondyema pour conseils beaut\u00e9, informations produits et suivi de commandes.","breadcrumb":{"@id":"https:\/\/zondyema.com\/index.php\/contact\/#breadcrumb"},"inLanguage":"fr-FR","potentialAction":[{"@type":"ReadAction","target":["https:\/\/zondyema.com\/index.php\/contact\/"]}]},{"@type":"ImageObject","inLanguage":"fr-FR","@id":"https:\/\/zondyema.com\/index.php\/contact\/#primaryimage","url":"https:\/\/zondyema.com\/wp-content\/uploads\/2025\/10\/MV-contact.jpg","contentUrl":"https:\/\/zondyema.com\/wp-content\/uploads\/2025\/10\/MV-contact.jpg","width":1200,"height":801},{"@type":"BreadcrumbList","@id":"https:\/\/zondyema.com\/index.php\/contact\/#breadcrumb","itemListElement":[{"@type":"ListItem","position":1,"name":"Accueil","item":"https:\/\/zondyema.com\/"},{"@type":"ListItem","position":2,"name":"Contact"}]},{"@type":"WebSite","@id":"https:\/\/zondyema.com\/#website","url":"https:\/\/zondyema.com\/","name":"Zondyema","description":"","potentialAction":[{"@type":"SearchAction","target":{"@type":"EntryPoint","urlTemplate":"https:\/\/zondyema.com\/?s={search_term_string}"},"query-input":{"@type":"PropertyValueSpecification","valueRequired":true,"valueName":"search_term_string"}}],"inLanguage":"fr-FR"}]}},"_links":{"self":[{"href":"https:\/\/zondyema.com\/index.php\/wp-json\/wp\/v2\/pages\/173","targetHints":{"allow":["GET"]}}],"collection":[{"href":"https:\/\/zondyema.com\/index.php\/wp-json\/wp\/v2\/pages"}],"about":[{"href":"https:\/\/zondyema.com\/index.php\/wp-json\/wp\/v2\/types\/page"}],"author":[{"embeddable":true,"href":"https:\/\/zondyema.com\/index.php\/wp-json\/wp\/v2\/users\/1"}],"replies":[{"embeddable":true,"href":"https:\/\/zondyema.com\/index.php\/wp-json\/wp\/v2\/comments?post=173"}],"version-history":[{"count":1,"href":"https:\/\/zondyema.com\/index.php\/wp-json\/wp\/v2\/pages\/173\/revisions"}],"predecessor-version":[{"id":2098,"href":"https:\/\/zondyema.com\/index.php\/wp-json\/wp\/v2\/pages\/173\/revisions\/2098"}],"wp:featuredmedia":[{"embeddable":true,"href":"https:\/\/zondyema.com\/index.php\/wp-json\/wp\/v2\/media\/2097"}],"wp:attachment":[{"href":"https:\/\/zondyema.com\/index.php\/wp-json\/wp\/v2\/media?parent=173"}],"curies":[{"name":"wp","href":"https:\/\/api.w.org\/{rel}","templated":true}]}}